07 prime?
True
Is 28480927 a prime number?
True
Is 22576013 a composite number?
False
Is 133565933 a composite number?
False
Is 2324551 composite?
False
Is 1371613 a composite number?
True
Is 90463057 prime?
True
Is 16696951 a prime number?
False
Is 13520917 composite?
False
Is 6636269 a composite number?
False
Is 240170471 a prime number?
True
Is 29761579 a prime number?
False
Is 9582283 composite?
True
Is 2086421 prime?
True
Is 232537 composite?
True
Is 11155901 prime?
False
Is 77017 composite?
False
Is 224988947 prime?
True
Is 2317387 a prime number?
True
Is 49320749 composite?
False
Is 29261909 prime?
True
Is 1120950331 a composite number?
True
Is 80030677 prime?
True
Is 428681 prime?
False
Is 5671313 composite?
True
Is 2878769 a prime number?
True
Is 46971601 composite?
False
Is 219506669 a prime number?
False
Is 4707439 prime?
False
Is 81841 a composite number?
True
Is 1369651 composite?
False
Is 24689629 a composite number?
False
Is 316155379 a composite number?
True
Is 916589 prime?
False
Is 1895429 a prime number?
False
Is 60777011 a prime number?
False
Is 8829101 a composite number?
False
Is 9168199 a composite number?
True
Is 2832866 a prime number?
False
Is 43071871 composite?
True
Is 3193427 composite?
True
Is 47885899 a composite number?
False
Is 30487277 a composite number?
False
Is 5799119 a prime number?
True
Is 65553086 prime?
False
Is 1123319 prime?
True
Is 8620539 a prime number?
False
Is 113900587 composite?
False
Is 1349801 prime?
False
Is 2900181 a composite number?
True
Is 292909 prime?
True
Is 52115417 a composite number?
False
Is 1845271 a prime number?
True
Is 13676879 composite?
False
Is 892321 composite?
False
Is 122385373 composite?
True
Is 79945841 a composite number?
False
Is 66881549 prime?
False
Is 14555897 a prime number?
True
Is 2372303 a composite number?
False
Is 36996331 composite?
False
Is 437295949 composite?
False
Is 5734319 a prime number?
False
Is 27402247 composite?
False
Is 38158643 composite?
True
Is 558403 prime?
False
Is 1116053 prime?
True
Is 34020489 composite?
True
Is 1018331 a composite number?
True
Is 129416107 a composite number?
False
Is 873571663 a prime number?
True
Is 2611799 a composite number?
False
Is 96865 a prime number?
False
Is 30221887 a composite number?
False
Is 1050163 composite?
True
Is 404116963 composite?
False
Is 10993739 a prime number?
True
Is 13256527 a composite number?
False
Is 68711 a prime number?
True
Is 3443743 prime?
True
Is 7446431 prime?
False
Is 9774179 a composite number?
True
Is 57957181 prime?
True
Is 694591 a prime number?
True
Is 62206115 prime?
False
Is 28258001 prime?
True
Is 136599767 prime?
False
Is 70330199 a prime number?
True
Is 267617 a prime number?
False
Is 11007641 a composite number?
True
Is 46131853 prime?
False
Is 8078101 composite?
True
Is 4495571 composite?
True
Is 18488201 a composite number?
False
Is 197022151 composite?
True
Is 972773 a prime number?
False
Is 30210031 composite?
True
Is 25735351 composite?
True
Is 3089417 a composite number?
True
Is 1254863 prime?
True
Is 199453 a prime number?
True
Is 456223 prime?
True
Is 2877533 a composite number?
False
Is 1669441 a composite number?
False
Is 79892227 a prime number?
True
Is 324743 a prime number?
True
Is 283968479 prime?
True
Is 389423 a composite number?
True
Is 19164989 a composite number?
True
Is 5164517 a prime number?
True
Is 180557677 composite?
True
Is 373159841 a prime number?
True
Is 278297 a composite number?
True
Is 24740601 a composite number?
True
Is 108845159 a prime number?
True
Is 13086797 a composite number?
False
Is 395671 prime?
True
Is 139163645 prime?
False
Is 1411873 a composite number?
False
Is 98118673 composite?
True
Is 288771601 composite?
True
Is 5592511 composite?
False
Is 557941 a composite number?
True
Is 461837957 composite?
True
Is 87433561 prime?
False
Is 91610821 prime?
False
Is 43130747 a prime number?
False
Is 4460077 prime?
True
Is 33195329 prime?
True
Is 2779277 prime?
True
Is 1184873 composite?
True
Is 953179 composite?
False
Is 473354927 composite?
True
Is 49652893 a prime number?
True
Is 14833051 a prime number?
True
Is 20718847 a composite number?
True
Is 167769197 prime?
False
Is 4350197 a composite number?
True
Is 4061767 a composite number?
False
Is 739279337 a prime number?
True
Is 1971799 a composite number?
False
Is 1096465 a prime number?
False
Is 279633371 prime?
True
Is 21799443 prime?
False
Is 29170397 composite?
False
Is 11512361 a composite number?
True
Is 156012691 composite?
False
Is 137321213 a prime number?
True
Is 13799281 prime?
True
Is 39400609 a prime number?
False
Is 1608569 prime?
True
Is 57169331 a composite number?
True
Is 14730091 a composite number?
True
Is 6802541 prime?
True
Is 19094863 prime?
False
Is 1276715497 composite?
False
Is 170259331 prime?
False
Is 42568489 prime?
True
Is 9488099 a composite number?
True
Is 7458145 a composite number?
True
Is 3259057 a composite number?
True
Is 4868281 a composite number?
True
Is 11718793 composite?
True
Is 7608355 composite?
True
Is 7154791 a composite number?
True
Is 775243 a prime number?
False
Is 256875887 a prime number?
True
Is 284737961 a prime number?
False
Is 18203807 a prime number?
False
Is 6080311 prime?
True
Is 7630349 prime?
True
Is 12388333 composite?
True
Is 167556901 composite?
True
Is 13464241 prime?
False
Is 998182749 a prime number?
False
Is 11397487 prime?
True
Is 68176607 a composite number?
True
Is 10090111 a composite number?
False
Is 1198214341 prime?
True
Is 147065899 prime?
True
Is 133809283 prime?
True
Is 1188487 composite?
True
Is 12212542 a composite number?
True
Is 209955319 a composite number?
True
Is 25150931 a prime number?
False
Is 27016969 a composite number?
True
Is 915955003 a prime number?
False
Is 4771727 a prime number?
False
Is 8650207 composite?
True
Is 111932123 a composite number?
False
Is 18328709 a prime number?
False
Is 11986451 a composite number?
False
Is 110499203 a composite number?
False
Is 423751 composite?
False
Is 99392473 prime?
False
Is 97173941 a prime number?
True
Is 90997007 a prime number?
True
Is 612304977 a prime number?
False
Is 318213097 prime?
True
Is 11796199 a prime number?
True
Is 3148109 a prime number?
True
Is 126347377 a prime number?
False
Is 2198309 prime?
True
Is 70638199 prime?
False
Is 3672499 composite?
False
Is 112602463 a composite number?
True
Is 38238479 a composite number?
True
Is 117853193 a composite number?
True
Is 18294119 a composite number?
False
Is 7170101 a composite number?
True
Is 27297483 composite?
True
Is 919165021 a composite number?
False
Is 410359 a prime number?
True
Is 224738633 a composite number?
True
Is 24163129 composite?
True
Is 5607155 a composite number?
True
Is 2574289 prime?
True
Is 1314917 composite?
False
Is 1885076099 a composite number?
False
Is 2426881 composite?
True
Is 441300139 composite?
True
Is 48506489 composite?
False
Is 168097015 prime?
False
Is 43022183 a prime number?
True
Is 194922773 prime?
True
Is 15565673 prime?
True
Is 1426405 prime?
False
Is 1746193 prime?
True
Is 2534453 a prime number?
False
Is 28998523 a composite number?
False
Is 3243763 a composite number?
False
Is 36543229 a prime number?
False
Is 4933871 composite?
False
Is 312359 composite?
True
Is 433909 composite?
True
Is 19980517 a prime number?
False
Is 17882947 prime?
False
Is 4707281 prime?
True
Is 1290973 prime?
False
Is 2410133 composite?
True
Is 137552971 composite?
True
Is 6376739 a prime number?
True
Is 5649011 prime?
True
Is 149693023 composite?
False
Is 83818489 prime?
True
Is 52952129 prime?
True
Is 180688031 a composite number?
True
Is 1043323 a prime number?
True
Is 354695791 composite?
False
Is 44545757 composite?
False
Is 6644177 composite?
False
Is 1499131 prime?
False
Is 57217 a composite number?
True
Is 84998099 prime?
True
Is 276329 a composite number?
True
Is 10686173 prime?
False
Is 582846893 a prime number?
True
Is 1419557 prime?
True
Is 40140701 prime?
False
Is 44201386 composite?
True
Is 55062977 composite?
False
Is 2346683 prime?
False
Is 5726795 composite?
True
Is 708095893 a composite number?
True
Is 1632853 prime?
True
Is 56011517 a prime number?
True
Is 5469551 prime?
True
Is 14182491 a composite number?
True
Is 26852779 a prime number?
True
Is